{"id":1174,"date":"2020-12-25T06:21:36","date_gmt":"2020-12-25T03:21:36","guid":{"rendered":"https:\/\/zakrademos.com\/plumber\/?page_id=1174"},"modified":"2023-12-27T14:36:54","modified_gmt":"2023-12-27T11:36:54","slug":"hakkimizda","status":"publish","type":"page","link":"https:\/\/hiskaotomotiv.com\/index.php\/hakkimizda\/","title":{"rendered":"Hakk\u0131m\u0131zda"},"content":{"rendered":"\t\t<div data-elementor-type=\"wp-post\" data-elementor-id=\"1174\" class=\"elementor elementor-1174\">\n\t\t\t\t\t\t<section class=\"elementor-section elementor-top-section elementor-element elementor-element-c5e6833 elementor-section-boxed elementor-section-height-default elementor-section-height-default\" data-id=\"c5e6833\" data-element_type=\"section\">\n\t\t\t\t\t\t<div class=\"elementor-container elementor-column-gap-default\">\n\t\t\t\t\t<div class=\"elementor-column elementor-col-100 elementor-top-column elementor-element elementor-element-e30662b\" data-id=\"e30662b\" data-element_type=\"column\">\n\t\t\t<div class=\"elementor-widget-wrap elementor-element-populated\">\n\t\t\t\t\t\t<div class=\"elementor-element elementor-element-dcc2adc elementor-widget elementor-widget-heading\" data-id=\"dcc2adc\" data-element_type=\"widget\" data-widget_type=\"heading.default\">\n\t\t\t\t<div class=\"elementor-widget-container\">\n\t\t\t<h2 class=\"elementor-heading-title elementor-size-default\">DE\u011eERLER\u0130M\u0130Z<\/h2>\t\t<\/div>\n\t\t\t\t<\/div>\n\t\t\t\t<div class=\"elementor-element elementor-element-fa7d42f elementor-widget elementor-widget-text-editor\" data-id=\"fa7d42f\" data-element_type=\"widget\" data-widget_type=\"text-editor.default\">\n\t\t\t\t<div class=\"elementor-widget-container\">\n\t\t\t\t\t\t\t<p style=\"margin-bottom: 1rem; font-family: Poppins, sans-serif; font-size: 16px; font-style: normal; font-weight: 400; letter-spacing: normal; text-align: center;\">H\u0130S-KA Automotive\u2019 in insan kaynaklar\u0131 politikas\u0131, \u015feffaf ve adil bir bi\u00e7imde, geli\u015fim odakl\u0131, H\u0130S-KA Automotive\u2019 in geli\u015fimine katk\u0131 sa\u011flayacak, gen\u00e7, dinamik ve \u00e7al\u0131\u015fkan bir i\u015f g\u00fcc\u00fc olu\u015fturmay\u0131 hedefler.<\/p>\n<p style=\"margin-bottom: 1rem; font-family: Poppins, sans-serif; font-size: 16px; font-style: normal; font-weight: 400; letter-spacing: normal; text-align: center;\">H\u0130SKA i\u00e7in kalite, ba\u015far\u0131 ve b\u00fcy\u00fcmek i\u00e7in gerekli olan temel dayanakt\u0131r. \u00c7al\u0131\u015fanlar\u0131m\u0131z, tedarik\u00e7ilerimiz, m\u00fc\u015fterilerimiz, \u00e7evre ve elbette ki \u00fcretti\u011fimiz \u00fcr\u00fcnler i\u00e7in yenilik\u00e7i ve s\u00fcrd\u00fcr\u00fclebilir yakla\u015f\u0131mlar ile hareket etmekteyiz.<\/p>\n<p><\/p>\t\t\t\t\t\t<\/div>\n\t\t\t\t<\/div>\n\t\t\t\t\t<\/div>\n\t\t<\/div>\n\t\t\t\t\t<\/div>\n\t\t<\/section>\n\t\t\t\t<section class=\"elementor-section elementor-top-section elementor-element elementor-element-ac9e280 elementor-section-boxed elementor-section-height-default elementor-section-height-default\" data-id=\"ac9e280\" data-element_type=\"section\">\n\t\t\t\t\t\t<div class=\"elementor-container elementor-column-gap-narrow\">\n\t\t\t\t\t<div class=\"elementor-column elementor-col-100 elementor-top-column elementor-element elementor-element-23f667c\" data-id=\"23f667c\" data-element_type=\"column\">\n\t\t\t<div class=\"elementor-widget-wrap elementor-element-populated\">\n\t\t\t\t\t\t<div class=\"elementor-element elementor-element-4ecfcb8 elementor-widget elementor-widget-heading\" data-id=\"4ecfcb8\" data-element_type=\"widget\" data-widget_type=\"heading.default\">\n\t\t\t\t<div class=\"elementor-widget-container\">\n\t\t\t<h4 class=\"elementor-heading-title elementor-size-default\">\u0130\u015e SA\u011eLI\u011eI VE G\u00dcVENL\u0130\u011e\u0130<\/h4>\t\t<\/div>\n\t\t\t\t<\/div>\n\t\t\t\t<div class=\"elementor-element elementor-element-3c1bcaa elementor-widget elementor-widget-text-editor\" data-id=\"3c1bcaa\" data-element_type=\"widget\" data-widget_type=\"text-editor.default\">\n\t\t\t\t<div class=\"elementor-widget-container\">\n\t\t\t\t\t\t\t<h2 style=\"margin-bottom: 1rem; font-family: Poppins, sans-serif; font-size: 16px; font-style: normal; font-weight: 400; letter-spacing: normal; text-align: center;\"><span style=\"color: #212529;\">\u015eirket olarak b\u00fct\u00fcn \u00e7al\u0131\u015fanlar\u0131m\u0131z\u0131n sa\u011fl\u0131\u011f\u0131n\u0131 \u00f6nemsiyoruz. \u0130\u015f sa\u011fl\u0131\u011f\u0131 ve g\u00fcvenli\u011fi y\u00f6netimimiz; i\u015f ortam\u0131n\u0131n g\u00fcvenli\u011fi, beden ve ruh sa\u011fl\u0131\u011f\u0131 konular\u0131nda \u00e7al\u0131\u015fanlar\u0131 e\u011fitiyor ve standartlar\u0131n gerekliliklerini yerine getirmek kurumumuzun de\u011fi\u015fmez unsurudur. G\u00fcvenli\u011fi \u00f6nemsiyoruz. Herkes i\u00e7in g\u00fcvenli ortamlarda g\u00fcvenli \u015fartlar\u0131 temin etmeyi ama\u00e7l\u0131yoruz.<\/span><\/h2>\t\t\t\t\t\t<\/div>\n\t\t\t\t<\/div>\n\t\t\t\t\t<\/div>\n\t\t<\/div>\n\t\t\t\t\t<\/div>\n\t\t<\/section>\n\t\t\t\t<section class=\"elementor-section elementor-top-section elementor-element elementor-element-950dd43 elementor-section-boxed elementor-section-height-default elementor-section-height-default\" data-id=\"950dd43\" data-element_type=\"section\">\n\t\t\t\t\t\t<div class=\"elementor-container elementor-column-gap-default\">\n\t\t\t\t\t<div class=\"elementor-column elementor-col-100 elementor-top-column elementor-element elementor-element-ba5d7b3\" data-id=\"ba5d7b3\" data-element_type=\"column\">\n\t\t\t<div class=\"elementor-widget-wrap elementor-element-populated\">\n\t\t\t\t\t\t<div class=\"elementor-element elementor-element-1d08906 elementor-widget elementor-widget-heading\" data-id=\"1d08906\" data-element_type=\"widget\" data-widget_type=\"heading.default\">\n\t\t\t\t<div class=\"elementor-widget-container\">\n\t\t\t<h4 class=\"elementor-heading-title elementor-size-default\">TEKNOLOJ\u0130<\/h4>\t\t<\/div>\n\t\t\t\t<\/div>\n\t\t\t\t<div class=\"elementor-element elementor-element-490e41d elementor-widget elementor-widget-text-editor\" data-id=\"490e41d\" data-element_type=\"widget\" data-widget_type=\"text-editor.default\">\n\t\t\t\t<div class=\"elementor-widget-container\">\n\t\t\t\t\t\t\t<h2 style=\"margin-bottom: 1rem; font-family: Poppins, sans-serif; font-size: 16px; font-style: normal; font-weight: 400; letter-spacing: normal; text-align: center;\"><span style=\"color: #212529;\">K\u00fcreselle\u015fen d\u00fcnya, yeni pazar yerlerinin olu\u015fmas\u0131 ve teknolojinin h\u0131zla geli\u015fmesini yak\u0131ndan takip ediyoruz. Yat\u0131r\u0131mlar\u0131m\u0131z\u0131 teknoloji ve yenilikler do\u011frultusunda ger\u00e7ekle\u015ftiriyoruz. Yar\u0131n\u0131n ihtiya\u00e7lar\u0131n\u0131n \u015fimdiden planl\u0131yoruz.<\/span><\/h2>\t\t\t\t\t\t<\/div>\n\t\t\t\t<\/div>\n\t\t\t\t\t<\/div>\n\t\t<\/div>\n\t\t\t\t\t<\/div>\n\t\t<\/section>\n\t\t\t\t<section class=\"elementor-section elementor-top-section elementor-element elementor-element-d884af9 elementor-section-boxed elementor-section-height-default elementor-section-height-default\" data-id=\"d884af9\" data-element_type=\"section\">\n\t\t\t\t\t\t<div class=\"elementor-container elementor-column-gap-default\">\n\t\t\t\t\t<div class=\"elementor-column elementor-col-100 elementor-top-column elementor-element elementor-element-d48ce0a\" data-id=\"d48ce0a\" data-element_type=\"column\">\n\t\t\t<div class=\"elementor-widget-wrap elementor-element-populated\">\n\t\t\t\t\t\t<div class=\"elementor-element elementor-element-08af7e0 elementor-widget elementor-widget-heading\" data-id=\"08af7e0\" data-element_type=\"widget\" data-widget_type=\"heading.default\">\n\t\t\t\t<div class=\"elementor-widget-container\">\n\t\t\t<h4 class=\"elementor-heading-title elementor-size-default\">\u00c7EVRE<\/h4>\t\t<\/div>\n\t\t\t\t<\/div>\n\t\t\t\t<div class=\"elementor-element elementor-element-1e46038 elementor-widget elementor-widget-text-editor\" data-id=\"1e46038\" data-element_type=\"widget\" data-widget_type=\"text-editor.default\">\n\t\t\t\t<div class=\"elementor-widget-container\">\n\t\t\t\t\t\t\t<p style=\"margin-bottom: 1rem; font-family: Poppins, sans-serif; font-size: 16px; font-style: normal; font-weight: 400; letter-spacing: normal; text-align: center;\">Toplumun ve \u00e7evrenin \u00e7\u0131karlar\u0131n\u0131 korumak amac\u0131yla planlamadan, \u00fcretime ve \u00e7al\u0131\u015fanlar\u0131m\u0131za kadar tm alanlarda \u00e7evreyi koruyan ve yasa\u015ftan bir polita ve \u00e7al\u0131\u015fma anla\u015f\u0131y\u0131n\u0131 benimsiyoruz.<\/p><p style=\"margin-bottom: 1rem; font-family: Poppins, sans-serif; font-size: 16px; font-style: normal; font-weight: 400; letter-spacing: normal; text-align: center;\">His-Ka Otomotiv olarak;<\/p><p style=\"margin-bottom: 1rem; font-family: Poppins, sans-serif; font-size: 16px; font-style: normal; font-weight: 400; letter-spacing: normal; text-align: center;\">\u0130nsana de\u011fer veriyoruz\u2026 bu de\u011fer \u00e7er\u00e7evesinde yat\u0131r\u0131m yap\u0131yoruz,<\/p><p style=\"margin-bottom: 1rem; font-family: Poppins, sans-serif; font-size: 16px; font-style: normal; font-weight: 400; letter-spacing: normal; text-align: center;\">\u00c7evreye de\u011fer veriyoruz\u2026 sosyal sorumluluklar\u0131m\u0131z\u0131 biliyor ve ger\u00e7ekle\u015ftiriyoruz,<\/p><p style=\"margin-bottom: 1rem; font-family: Poppins, sans-serif; font-size: 16px; font-style: normal; font-weight: 400; letter-spacing: normal; text-align: center;\">\u0130\u015f g\u00fcvenli\u011fine de\u011fer veriyoruz\u2026 \u00e7al\u0131\u015fanlar\u0131m\u0131z\u0131 ailemizin birer ferdi olarak benimsiyor ve maksimum d\u00fczeyde koruyoruz,<\/p><p style=\"margin-bottom: 1rem; font-family: Poppins, sans-serif; font-size: 16px; font-style: normal; font-weight: 400; letter-spacing: normal; text-align: center;\">\u00dclkeye de\u011fer veriyoruz\u2026 \u00fclkemize kar\u015f\u0131 sorumluluklar\u0131m\u0131z\u0131 biliyor ve bu sorumluluklar\u0131 yerine getiriyoruz,<\/p><p style=\"margin-bottom: 1rem; font-family: Poppins, sans-serif; font-size: 16px; font-style: normal; font-weight: 400; letter-spacing: normal; text-align: center;\">D\u00fcnya\u2019ya de\u011fer veriyoruz\u2026 D\u00fcnya \u00fczerinde ger\u00e7ekle\u015fen t\u00fcm olaylara hassasiyet i\u00e7erisinde yakla\u015f\u0131yoruz,<\/p><p style=\"margin-bottom: 1rem; font-family: Poppins, sans-serif; font-size: 16px; font-style: normal; font-weight: 400; letter-spacing: normal; text-align: center;\">Kaliteye de\u011fer veriyoruz\u2026 Daha kaliteli \u00fcr\u00fcn ve daha kaliteli \u00fcretim i\u00e7in daima kendimizi geli\u015ftiriyoruz,<\/p><p style=\"margin-bottom: 1rem; font-family: Poppins, sans-serif; font-size: 16px; font-style: normal; font-weight: 400; letter-spacing: normal; text-align: center;\">\u00dcretime de\u011fer veriyoruz\u2026 en \u00fcst d\u00fczeyde KAL\u0130TEL\u0130 \u00fcr\u00fcn\u00fc, ZAMANINDA ve REKABET\u00c7\u0130 g\u00fcc\u00fcm\u00fcz\u00fc \u00f6n planda tutarak \u00fcretiyoruz,<\/p><p style=\"margin-bottom: 1rem; font-family: Poppins, sans-serif; font-size: 16px; font-style: normal; font-weight: 400; letter-spacing: normal; text-align: center;\">M\u00fc\u015fteri memnuniyetine de\u011fer veriyoruz\u2026 her zaman M\u00dc\u015eTER\u0130 HAKLIDIR ilkesi ile de\u011fil, her zaman M\u00dc\u015eTER\u0130LER\u0130M\u0130Z\u0130N YANINDAYIZ ilkesini savunuyoruz,<\/p><p style=\"margin-bottom: 1rem; font-family: Poppins, sans-serif; font-size: 16px; font-style: normal; font-weight: 400; letter-spacing: normal; text-align: center;\">\u0130leti\u015fime de\u011fer veriyoruz\u2026 kurum i\u00e7i ve kurum d\u0131\u015f\u0131 t\u00fcm ileti\u015fim a\u011f\u0131m\u0131z\u0131 maksimum d\u00fczeyde tutarak D\u00dcNYA dillerini benimsiyoruz,<\/p><p style=\"margin-bottom: 1rem; font-family: Poppins, sans-serif; font-size: 16px; font-style: normal; font-weight: 400; letter-spacing: normal; text-align: center;\">\u201cBiz, de\u011fer yarg\u0131lar\u0131m\u0131z\u0131 SEV\u0130YORUZ ve daima GEL\u0130\u015eT\u0130R\u0130YORUZ\u2026\u201d<\/p>\t\t\t\t\t\t<\/div>\n\t\t\t\t<\/div>\n\t\t\t\t\t<\/div>\n\t\t<\/div>\n\t\t\t\t\t<\/div>\n\t\t<\/section>\n\t\t\t\t<section class=\"elementor-section elementor-top-section elementor-element elementor-element-c29fb08 elementor-section-boxed elementor-section-height-default elementor-section-height-default\" data-id=\"c29fb08\" data-element_type=\"section\">\n\t\t\t\t\t\t<div class=\"elementor-container elementor-column-gap-default\">\n\t\t\t\t\t<div class=\"elementor-column elementor-col-100 elementor-top-column elementor-element elementor-element-a501f9f\" data-id=\"a501f9f\" data-element_type=\"column\">\n\t\t\t<div class=\"elementor-widget-wrap elementor-element-populated\">\n\t\t\t\t\t\t<div class=\"elementor-element elementor-element-ab91f59 elementor-widget elementor-widget-heading\" data-id=\"ab91f59\" data-element_type=\"widget\" data-widget_type=\"heading.default\">\n\t\t\t\t<div class=\"elementor-widget-container\">\n\t\t\t<h4 class=\"elementor-heading-title elementor-size-default\"><h2 style=\"margin-bottom: 0.5rem; line-height: 1.2; font-size: 2rem; font-family: Poppins, sans-serif; color: rgb(33, 37, 41); font-style: normal; letter-spacing: normal; white-space-collapse: collapse;\"><span style=\"font-family: Montserrat, sans-serif; font-size: 30px; font-style: inherit; font-weight: bold; white-space-collapse: preserve; letter-spacing: 0.01em;\"> \u00c7OCUK \u0130\u015eC\u0130 \u00c7ALI\u015eTIRMAMA POL\u0130T\u0130KAMIZ<\/span><span style=\"font-family: Montserrat, sans-serif; font-size: 30px; font-style: inherit; font-weight: bold; white-space-collapse: preserve; letter-spacing: 0.01em;\"><\/span><br><\/h2><\/h4>\t\t<\/div>\n\t\t\t\t<\/div>\n\t\t\t\t<div class=\"elementor-element elementor-element-63d992d elementor-widget elementor-widget-text-editor\" data-id=\"63d992d\" data-element_type=\"widget\" data-widget_type=\"text-editor.default\">\n\t\t\t\t<div class=\"elementor-widget-container\">\n\t\t\t\t\t\t\t<p style=\"margin-bottom: 1rem; color: #212529; font-size: 16px; font-style: normal; font-weight: 400;\"><span style=\"font-family: Poppins, sans-serif; letter-spacing: normal; text-align: center;\">His-Ka Otomotiv olarak \u015firketimizde, \u00c7ocuk ve Gen\u00e7 \u0130\u015f\u00e7ilerin \u00c7al\u0131\u015ft\u0131r\u0131lmas\u0131 Usul ve Esaslar\u0131 Hakk\u0131nda Y\u00f6netmelik i\u00e7inde yer alan; 18 ya\u015f\u0131n\u0131 doldurmam\u0131\u015f \u00e7ocuk ve gen\u00e7 i\u015f\u00e7iler bak\u0131m\u0131ndan yasak olan i\u015fler ile 15 ya\u015f\u0131n\u0131 tamamlam\u0131\u015f, ancak 18 ya\u015f\u0131n\u0131 tamamlamam\u0131\u015f gen\u00e7 i\u015f\u00e7ilerin \u00e7al\u0131\u015fmas\u0131na izin verilecek i\u015fler, 14 ya\u015f\u0131n\u0131 bitirmi\u015f ve ilk\u00f6\u011fretimini tamamlam\u0131\u015f \u00e7ocuklar\u0131n \u00e7al\u0131\u015ft\u0131rabilecekleri hafif i\u015fler ve \u00e7al\u0131\u015fma ko\u015fullar\u0131 esas al\u0131narak uygulanmaktad\u0131r.<\/span><\/p>\t\t\t\t\t\t<\/div>\n\t\t\t\t<\/div>\n\t\t\t\t\t<\/div>\n\t\t<\/div>\n\t\t\t\t\t<\/div>\n\t\t<\/section>\n\t\t\t\t<section class=\"elementor-section elementor-top-section elementor-element elementor-element-0a69d34 elementor-section-boxed elementor-section-height-default elementor-section-height-default\" data-id=\"0a69d34\" data-element_type=\"section\">\n\t\t\t\t\t\t<div class=\"elementor-container elementor-column-gap-default\">\n\t\t\t\t\t<div class=\"elementor-column elementor-col-100 elementor-top-column elementor-element elementor-element-e040104\" data-id=\"e040104\" data-element_type=\"column\">\n\t\t\t<div class=\"elementor-widget-wrap elementor-element-populated\">\n\t\t\t\t\t\t<div class=\"elementor-element elementor-element-d59c327 elementor-widget elementor-widget-heading\" data-id=\"d59c327\" data-element_type=\"widget\" data-widget_type=\"heading.default\">\n\t\t\t\t<div class=\"elementor-widget-container\">\n\t\t\t<h4 class=\"elementor-heading-title elementor-size-default\"><h2 style=\"margin-bottom: 0.5rem; line-height: 1.2; font-size: 2rem; font-family: Poppins, sans-serif; color: rgb(33, 37, 41); font-style: normal; letter-spacing: normal; white-space-collapse: collapse;\"><span style=\"font-family: Montserrat, sans-serif; font-size: 30px; font-style: inherit; font-weight: bold; white-space-collapse: preserve; letter-spacing: 0.01em;\"> KAL\u0130TE POL\u0130T\u0130KAMIZ<\/span><span style=\"font-family: Montserrat, sans-serif; font-size: 30px; font-style: inherit; font-weight: bold; white-space-collapse: preserve; letter-spacing: 0.01em;\"><\/span><br><\/h2><\/h4>\t\t<\/div>\n\t\t\t\t<\/div>\n\t\t\t\t<div class=\"elementor-element elementor-element-887adc1 elementor-widget elementor-widget-text-editor\" data-id=\"887adc1\" data-element_type=\"widget\" data-widget_type=\"text-editor.default\">\n\t\t\t\t<div class=\"elementor-widget-container\">\n\t\t\t\t\t\t\t<p style=\"margin-bottom: 1rem; font-family: Poppins, sans-serif; font-size: 16px; font-style: normal; font-weight: 400; letter-spacing: normal; text-align: center;\">Amac\u0131m\u0131z His-Ka Otomotiv\u2019de her \u00e7al\u0131\u015fan\u0131n ve b\u00f6l\u00fcm\u00fcn kendi \u00fcretti\u011fi \u00fcr\u00fcn ve hizmetleri, bir sonraki \u00e7al\u0131\u015fan\u0131 ya da b\u00f6l\u00fcm\u00fc kendi i\u00e7 m\u00fc\u015fterisi kabul ederek, hatas\u0131z iletmekle sorumlu\u011fu oldu\u011fu bilinciyle, \u00fcretimin her a\u015famas\u0131nda kendi kendini kontrol eden bir \u00fcretim s\u00fcreci olu\u015fturarak kararl\u0131 ve s\u00fcrekli bir yap\u0131 kurmakt\u0131r.<\/p><p style=\"margin-bottom: 1rem; font-family: Poppins, sans-serif; font-size: 16px; font-style: normal; font-weight: 400; letter-spacing: normal; text-align: center;\">His-Ka Otomotiv m\u00fc\u015fteri memnuniyeti odakl\u0131 \u201cKaliteli \u00dcretimi\u201d kendisine ilke edinerek, \u00f6z\u00fcmsedi\u011fi de\u011ferler dizisine her bir \u00e7al\u0131\u015fan\u0131 ile sad\u0131k kalaca\u011f\u0131n\u0131 taahh\u00fct eder.<\/p><p style=\"margin-bottom: 1rem; font-family: Poppins, sans-serif; font-size: 16px; font-style: normal; font-weight: 400; letter-spacing: normal; text-align: center;\">Bu ba\u011flamda kalite hedefleri a\u015fa\u011f\u0131daki gibi belirlenmi\u015ftir;<\/p><p style=\"margin-bottom: 1rem; font-family: Poppins, sans-serif; font-size: 16px; font-style: normal; font-weight: 400; letter-spacing: normal; text-align: center;\">D\u00fcr\u00fcst, ho\u015fg\u00f6r\u00fcl\u00fc, sayg\u0131l\u0131 ve \u00f6zverili \u00e7al\u0131\u015fma ortam\u0131 i\u00e7erisinde \u00e7al\u0131\u015fanlar\u0131n geli\u015fimlerini sa\u011flamak.<br \/>G\u00fcncel teknolojiyi takip ederek, Kaizen ve s\u00fcrekli iyile\u015ftirme \u00e7al\u0131\u015fmalar\u0131yla israf\u0131 azalt\u0131p, s\u00fcre\u00e7teki de\u011fer i\u015flemin y\u00fczdesini dolay\u0131s\u0131yla verimi artt\u0131rmak.<br \/>Kaliteden \u00f6d\u00fcn vermeden, rekabet\u00e7i g\u00fcc\u00fcn\u00fc daima artt\u0131rarak m\u00fc\u015fterisine istenilen zaman ve miktarda \u00fcr\u00fcn \u00fcretilmesini sa\u011flamak.<br \/>\u00dcretimde hata \u00f6nleme y\u00f6ntemleri geli\u015ftirmek, uygulamak ve otomasyonla \u00fcretim hareketlerinin sistemsel izlenebilirli\u011fini sa\u011flamak.<br \/>Tedarik\u00e7ilerini e\u011fitimler, ziyaretler ve ortak \u00e7al\u0131\u015fmalarla geli\u015ftirmek, kalite bilincini artt\u0131rmak.<br \/>Risk ve f\u0131rsat y\u00f6netimini g\u00f6zeterek stratejik hedefler do\u011frultusunda \u00fcr\u00fcn \u00fcretmek.<\/p>\t\t\t\t\t\t<\/div>\n\t\t\t\t<\/div>\n\t\t\t\t\t<\/div>\n\t\t<\/div>\n\t\t\t\t\t<\/div>\n\t\t<\/section>\n\t\t\t\t<section class=\"elementor-section elementor-top-section elementor-element elementor-element-e2f5fea elementor-section-boxed elementor-section-height-default elementor-section-height-default\" data-id=\"e2f5fea\" data-element_type=\"section\">\n\t\t\t\t\t\t<div class=\"elementor-container elementor-column-gap-default\">\n\t\t\t\t\t<div class=\"elementor-column elementor-col-100 elementor-top-column elementor-element elementor-element-53378b1\" data-id=\"53378b1\" data-element_type=\"column\">\n\t\t\t<div class=\"elementor-widget-wrap elementor-element-populated\">\n\t\t\t\t\t\t<div class=\"elementor-element elementor-element-f32fae8 elementor-widget elementor-widget-heading\" data-id=\"f32fae8\" data-element_type=\"widget\" data-widget_type=\"heading.default\">\n\t\t\t\t<div class=\"elementor-widget-container\">\n\t\t\t<h4 class=\"elementor-heading-title elementor-size-default\"><h2 style=\"margin-bottom: 0.5rem; line-height: 1.2; font-size: 2rem; font-family: Poppins, sans-serif; color: rgb(33, 37, 41); font-style: normal; letter-spacing: normal; white-space-collapse: collapse;\"><span style=\"font-family: Montserrat, sans-serif; font-size: 30px; font-style: inherit; font-weight: bold; white-space-collapse: preserve; letter-spacing: 0.01em;\"> M\u0130SYONUMUZ\u2026<\/span><span style=\"font-family: Montserrat, sans-serif; font-size: 30px; font-style: inherit; font-weight: bold; white-space-collapse: preserve; letter-spacing: 0.01em;\"><\/span><br><\/h2><\/h4>\t\t<\/div>\n\t\t\t\t<\/div>\n\t\t\t\t<div class=\"elementor-element elementor-element-ab8cce1 elementor-widget elementor-widget-text-editor\" data-id=\"ab8cce1\" data-element_type=\"widget\" data-widget_type=\"text-editor.default\">\n\t\t\t\t<div class=\"elementor-widget-container\">\n\t\t\t\t\t\t\t<p style=\"margin-bottom: 1rem; font-family: Poppins, sans-serif; font-size: 16px; font-style: normal; font-weight: 400; letter-spacing: normal; text-align: center;\">Do\u011fru s\u00fcre\u00e7leri; \u0130nsana, \u00c7evreye, Bilgi ve Geli\u015fime yat\u0131r\u0131m yaparak devaml\u0131 s\u00fcrd\u00fcr\u00fclebilir k\u0131lmak\u2026<\/p>\t\t\t\t\t\t<\/div>\n\t\t\t\t<\/div>\n\t\t\t\t\t<\/div>\n\t\t<\/div>\n\t\t\t\t\t<\/div>\n\t\t<\/section>\n\t\t\t\t<section class=\"elementor-section elementor-top-section elementor-element elementor-element-16cf64f elementor-section-boxed elementor-section-height-default elementor-section-height-default\" data-id=\"16cf64f\" data-element_type=\"section\">\n\t\t\t\t\t\t<div class=\"elementor-container elementor-column-gap-default\">\n\t\t\t\t\t<div class=\"elementor-column elementor-col-100 elementor-top-column elementor-element elementor-element-4f7f5b3\" data-id=\"4f7f5b3\" data-element_type=\"column\">\n\t\t\t<div class=\"elementor-widget-wrap elementor-element-populated\">\n\t\t\t\t\t\t<div class=\"elementor-element elementor-element-f712b35 elementor-widget elementor-widget-heading\" data-id=\"f712b35\" data-element_type=\"widget\" data-widget_type=\"heading.default\">\n\t\t\t\t<div class=\"elementor-widget-container\">\n\t\t\t<h4 class=\"elementor-heading-title elementor-size-default\"><h2 style=\"margin-bottom: 0.5rem; line-height: 1.2; font-size: 2rem; font-family: Poppins, sans-serif; color: rgb(33, 37, 41); font-style: normal; letter-spacing: normal; white-space-collapse: collapse;\"><span style=\"font-family: Montserrat, sans-serif; font-size: 30px; font-style: inherit; font-weight: bold; white-space-collapse: preserve; letter-spacing: 0.01em;\"> V\u0130ZYONUMUZ...<\/span><span style=\"font-family: Montserrat, sans-serif; font-size: 30px; font-style: inherit; font-weight: bold; white-space-collapse: preserve; letter-spacing: 0.01em;\"><\/span><br><\/h2><\/h4>\t\t<\/div>\n\t\t\t\t<\/div>\n\t\t\t\t<div class=\"elementor-element elementor-element-faba188 elementor-widget elementor-widget-text-editor\" data-id=\"faba188\" data-element_type=\"widget\" data-widget_type=\"text-editor.default\">\n\t\t\t\t<div class=\"elementor-widget-container\">\n\t\t\t\t\t\t\t<p style=\"margin-bottom: 1rem; font-family: Poppins, sans-serif; font-size: 16px; font-style: normal; font-weight: 400; letter-spacing: normal; text-align: center;\">T\u00fcrkiye ve D\u00fcnya pazar\u0131nda t\u00fcm faaliyetleri ile de\u011fer g\u00f6ren ve tercih edilen kurulu\u015f seviyesine y\u00fckselmek.<\/p>\t\t\t\t\t\t<\/div>\n\t\t\t\t<\/div>\n\t\t\t\t\t<\/div>\n\t\t<\/div>\n\t\t\t\t\t<\/div>\n\t\t<\/section>\n\t\t\t\t<\/div>\n\t\t","protected":false},"excerpt":{"rendered":"<p>DE\u011eERLER\u0130M\u0130Z H\u0130S-KA Automotive\u2019 in insan kaynaklar\u0131 politikas\u0131, \u015feffaf ve adil bir bi\u00e7imde, geli\u015fim odakl\u0131, H\u0130S-KA Automotive\u2019 in geli\u015fimine katk\u0131 sa\u011flayacak, gen\u00e7, dinamik ve \u00e7al\u0131\u015fkan bir i\u015f g\u00fcc\u00fc olu\u015fturmay\u0131 hedefler. H\u0130SKA i\u00e7in kalite, ba\u015far\u0131 ve b\u00fcy\u00fcmek i\u00e7in gerekli olan temel dayanakt\u0131r. \u00c7al\u0131\u015fanlar\u0131m\u0131z, tedarik\u00e7ilerimiz, m\u00fc\u015fterilerimiz, \u00e7evre ve elbette ki \u00fcretti\u011fimiz \u00fcr\u00fcnler i\u00e7in yenilik\u00e7i ve s\u00fcrd\u00fcr\u00fclebilir yakla\u015f\u0131mlar ile [&hellip;]<\/p>\n","protected":false},"author":1,"featured_media":0,"parent":0,"menu_order":0,"comment_status":"closed","ping_status":"closed","template":"page-templates\/pagebuilder.php","meta":{"zakra_page_container_layout":"stretched","zakra_page_sidebar_layout":"no_sidebar","zakra_remove_content_margin":false,"zakra_sidebar":"customizer","zakra_transparent_header":"0","zakra_logo":0,"zakra_main_header_style":"default","zakra_menu_item_color":"","zakra_menu_item_hover_color":"","zakra_menu_item_active_color":"","zakra_menu_active_style":"","zakra_page_header":false,"footnotes":""},"_links":{"self":[{"href":"https:\/\/hiskaotomotiv.com\/index.php\/wp-json\/wp\/v2\/pages\/1174"}],"collection":[{"href":"https:\/\/hiskaotomotiv.com\/index.php\/wp-json\/wp\/v2\/pages"}],"about":[{"href":"https:\/\/hiskaotomotiv.com\/index.php\/wp-json\/wp\/v2\/types\/page"}],"author":[{"embeddable":true,"href":"https:\/\/hiskaotomotiv.com\/index.php\/wp-json\/wp\/v2\/users\/1"}],"replies":[{"embeddable":true,"href":"https:\/\/hiskaotomotiv.com\/index.php\/wp-json\/wp\/v2\/comments?post=1174"}],"version-history":[{"count":16,"href":"https:\/\/hiskaotomotiv.com\/index.php\/wp-json\/wp\/v2\/pages\/1174\/revisions"}],"predecessor-version":[{"id":10854,"href":"https:\/\/hiskaotomotiv.com\/index.php\/wp-json\/wp\/v2\/pages\/1174\/revisions\/10854"}],"wp:attachment":[{"href":"https:\/\/hiskaotomotiv.com\/index.php\/wp-json\/wp\/v2\/media?parent=1174"}],"curies":[{"name":"wp","href":"https:\/\/api.w.org\/{rel}","templated":true}]}}